at is the remainder when v(c) is divided by k?
13
Suppose -24 = -2*n - 5*m, m = -4*m. Suppose 0*x + 2*x - 10 = 0. Calculate the remainder when n is divided by x.
2
Let z = -52 + 105. What is the remainder when z is divided by 11?
9
Let h be ((-27)/(-6))/(4/(-56)). Let a = 149 + h. Calculate the remainder when a is divided by 22.
20
Suppose -1161 = -9*o - 369. Calculate the remainder when o is divided by 15.
13
Let m(v) = v**3 - 11*v**2 - 6*v - 9. Calculate the remainder when m(12) is divided by 16.
15
Let u(v) = 5*v - 7. Calculate the remainder when 25 is divided by u(4).
12
Suppose a + p = 5*a - 24, -a - 3*p = -6. What is the remainder when (-2)/(2 + 96/(-46)) is divided by a?
5
Suppose 0 = -3*u + 4*u + 3*p - 17, 2*p = -3*u + 16. Suppose w - u = 7. What is the remainder when 26 is divided by w?
8
Let r(c) = c - 4. Let l be r(6). Calculate the remainder when 16 is divided by ((-48)/(-40))/(l/10).
4
Let f(q) = -q**3 - q - 4. Suppose -2*z + 4*x = -36, -4*x - 22 = z - 2*z. Calculate the remainder when f(-3) is divided by z.
12
Let c(x) = x**2 - 2 - 1 + 0 - 2*x. Suppose -3*l - t = 4 + 3, 4*l - 2*t = -16. Calculate the remainder when 22 is divided by c(l).
10
Let y(x) = -16*x**2 + 3*x - 1. Let t be y(1). What is the remainder when 17 is divided by (-17 - t)/(1/(-3))?
8
Suppose 5*n + 3*q = -2*q + 135, -4*n = 3*q - 104. Suppose -65 = -0*p - 5*p. What is the remainder when n is divided by p?
10
Let k(u) = -3*u + 10. What is the remainder when 55 is divided by k(-3)?
17
Let y be ((-14)/(-6) - 3)*-42. Suppose 2*q - 4*q = -y. What is the remainder when q is divided by 5?
4
What is the remainder when (-3)/(-2) - 17/(-2) is divided by 6?
4
Let q(o) = 6*o - 2. Let b be ((-4)/(-12))/(1/6). Suppose j - b*x = 1, -3*j + 4 = -0*j - 5*x. What is the remainder when 30 is divided by q(j)?
14
Suppose -5*o = -104 - 101. Suppose 8 = p - 37. Suppose -4*f - 23 = -3*v + 44, 0 = -2*v + 3*f + p. Calculate the remainder when o is divided by v.
20
Let g = 80 + -47. Calculate the remainder when g is divided by 7.
5
Suppose 0 = -4*a + 4*z - 39 - 1, 5*z + 22 = -4*a. Let g be (a*1)/(2/(-39)). Suppose -61 = 5*d - g. What is the remainder when d is divided by 10?
9
Suppose j - 100 = -3*j. What is the remainder when 49 is divided by j?
24
Let c = -48 + 72. Suppose -4 + c = 2*y. Suppose 3*b - 6*b = -2*j - 90, 5*j + 15 = 0. Calculate the remainder when b is divided by y.
8
Suppose -i - 1 = -12. What is the remainder when -1 - 1 - (-13 + -20) is divided by i?
9
Suppose 2*j - 80 = 28. Suppose j = d + 2*d. Let o = 36 + 15. What is the remainder when o is divided by d?
15
Let c = -3 + 27. What is the remainder when c is divided by ((-13)/(-21) - (-16)/(-56))*39?
11
Let b(r) = 1 + 3*r + r - 5 - 2*r**2 - r**2. Let w be b(4). Let v = 63 + w. What is the remainder when v is divided by 14?
13
Suppose -4*l = 3*t - 159, -4*l = -4*t - t + 297. Let a = -21 + t. What is the remainder when a is divided by 10?
6
Calculate the remainder when (4/6)/((-4)/(-318)) is divided by 18.
17
Suppose 2*r + m = 1, 3*m - 6 = 3*r + 15. What is the remainder when (3/r)/((-12)/160) is divided by 7?
6
Suppose 28 = 2*k + 2. What is the remainder when 51 is divided by k?
12
Let o = -46 - -70. Suppose 0 = -2*a + 88 - o. What is the remainder when a is divided by 11?
10
Suppose 2*n = -0*n + 354. Calculate the remainder when n is divided by 30.
27
Let m be (-9132)/15 + 2/(-10). Let r be (-6)/8 + m/(-12). Suppose 6*z = z + r. Calculate the remainder when z is divided by 4.
2
Let j = -1 + 1. Suppose t = 3*i - 22, 3*i = -j*t - 5*t - 20. Let b = -5 - t. What is the remainder when b is divided by 1?
0
Suppose 52 = 9*i - 5*i. Calculate the remainder when 25 is divided by i.
12
Suppose -9*m + 10 = -4*m, 5*p = -5*m - 75. Let d = 12 - p. Suppose 0 = i + a + 4*a + 10, -3*i + 3*a + 42 = 0. What is the remainder when d is divided by i?
9
Suppose -5*w + w - 4 = 0. Calculate the remainder when 51/4 + w/(-4) is divided by 7.
6
Let u(n) = -n**3 - 7*n**2 - 6*n + 2. Let l be u(-6). Suppose w = -l*w + 69. Let d = 66 - w. What is the remainder when d is divided by 11?
10
Suppose -4*j + 3*s - 16 = 0, 0 = -5*j - 2*s + 3. Let o(i) = -40*i - 1. Let p be o(j). Let c = -3 + p. Calculate the remainder when c is divided by 19.
17
Let a = -37 + 48. Calculate the remainder when 175 is divided by a.
10
What is the remainder when 1 + (2 - 232/(-2)) is divided by 30?
29
Suppose 5*k + 389 = 104. Let c = k - -97. What is the remainder when c is divided by 21?
19
Let b = 95 + -30. Calculate the remainder when (-4)/14 - b/(-7) is divided by 252/49 + 1/(-7).
4
Calculate the remainder when 3*6*9/18 is divided by 7.
2
Suppose -6*n = -43 - 17. Suppose 27 = 2*x - 11. Calculate the remainder when x is divided by n.
9
Let s(h) be the first derivative of -5*h**4/2 - 2*h**3/3 - 3*h**2/2 - 4. Calculate the remainder when s(-2) is divided by 20.
18
Suppose -8*i - 40 = -10*i. Calculate the remainder when i is divided by 7.
6
Let m(q) = 3*q + 5. Let s(a) = -2*a - 3. Let n(z) = 4*m(z) + 7*s(z). Let l be n(-2). Calculate the remainder when 29 is divided by (20 - l) + 0 + -2.
14
What is the remainder when 2 is divided by 3/2*(-4)/(-6)?
0
Let x = 46 - 33. Let q = x - 9. Suppose 0*b + 3*t = -2*b + 24, 3*b + t = 22. What is the remainder when b is divided by q?
2
What is the remainder when 40/(-50)*35/(-2) is divided by 4?
2
Let l = 10 - 19. What is the remainder when 22 is divided by (-38)/(-6) + 3/l?
4
Let j(o) = o**2 + 16*o + 33. Calculate the remainder when 103 is divided by j(-15).
13
Let i(y) = -5*y - 12. Let c(g) = g. Let t(n) = -4*c(n) - i(n). What is the remainder when t(-6) is divided by 2?
0
Let o(z) be the second derivative of -5/6*z**3 + 0 - z**2 + 1/12*z**4 - z. What is the remainder when 34 is divided by o(7)?
10
Suppose -f + 2*f = 15. Calculate the remainder when 82 is divided by f.
7
Suppose 0 = -2*n - 0*n + 86. What is the remainder when n is divided by 16368/748 + (-2)/(-17)?
21
Calculate the remainder when (-4)/(-10) + 2112/20 is divided by 55.
51
Let j = 9 + -9. Suppose -l - 6 + 26 = j. Calculate the remainder when l is divided by 14/4*6/3.
6
Suppose -50 = -4*m - s, -2*s + 4*s + 8 = m. Suppose 0*l = 4*l - m. Calculate the remainder when ((-3)/l - -33) + 2 is divided by 12.
10
Suppose 2*x = -x - 108. Let f = -8 + 20. Calculate the remainder when 1/(-6) + (-1230)/x is divided by f.
10
Let f(l) be the first derivative of 7*l**2/2 - l - 1. What is the remainder when 21 is divided by f(1)?
3
Suppose -4*l + 18 = -9*l + v, 0 = l + v. Calculate the remainder when (-2 - -2 - l) + 33 is divided by 19.
17
Let p = 142 + -73. Suppose 3*c - p = 3*n, 5*c + n - 27 = 82. Calculate the remainder when c is divided by 12.
10
Calculate the remainder when 124 is divided by (-12)/(-7 + 4)*8.
28
Calculate the remainder when 15/(-2)*(-124)/5 is divided by 27.
24
Let q be 6/((-4)/2) - -3. Calculate the remainder when 18 is divided by ((-21)/(-12) - q)*4.
4
Let d(a) = -a + 1. Let y be (7/21)/(1/6). Suppose 2*b + 2*g = 4, -b + 3*g + 16 - y = 0. Calculate the remainder when b is divided by d(-1).
1
Suppose -2*j - j = -261. Suppose -s = -0*s - j. Calculate the remainder when s is divided by 22.
21
Let b(w) = -w**3 - 2*w**2 + 47*w + 16. Let h(r) = -5*r - 2. Calculate the remainder when h(-6) is divided by b(6).
8
Suppose 90 = 2*s - 18. Let y = s - -66. Suppose 5*r + 5 = y. Calculate the remainder when r is divided by 12.
11
Let w(z) = -14*z**3 + 2*z**2 - 1. Let u be w(1). Let r = 26 + u. Suppose 25 = 5*h - 0*h. What is the remainder when r is divided by h?
3
Let z be (1 + 4)*(-16)/(-20). Suppose 4*o - 5*p = -2*p + 36, z*o = -2*p + 56. What is the remainder when 46 is divided by o?
10
Let k = 12 + 3. What is the remainder when 42 is divided by k?
12
Let k(a) = -a**3 + 2*a**2 + a + 4. Let o be k(-3). Suppose 2*g + 4*s = o, 76 = 2*g + 3*g - 3*s. What is the remainder when 66 is divided by g?
15
Suppose -3 = 3*q + 6, q + 139 = -2*l. Let j = 103 + l. What is the remainder when j is divided by (-35)/(-3) + 1/3?
11
Suppose 90 + 6 = 4*r. Calculate the remainder when 119 is divided by r.
23
Let p = 27 + -16. Let t(z) = z**3 - 13*z**2 + 14*z + 7. What is the remainder when t(12) is divided by p?
9
Let l(p) = p**3 + 8*p**2 + 7*p + 2. What is the remainder when l(-5) is divided by 15?
12
Let p